{"id":685,"date":"2023-07-24T15:41:31","date_gmt":"2023-07-24T13:41:31","guid":{"rendered":"https:\/\/www.zdrowiebezlekarza.pl\/sklep\/?post_type=product&#038;p=685"},"modified":"2026-01-13T15:50:37","modified_gmt":"2026-01-13T14:50:37","slug":"jednorazowa-wizyta-dietetyczna-online","status":"publish","type":"product","link":"https:\/\/zdrowiebezlekarza.pl\/sklep\/produkt\/jednorazowa-wizyta-dietetyczna-online\/","title":{"rendered":"Konsultacja dietetyczna online"},"content":{"rendered":"<p data-path-to-node=\"10,0\"><b data-path-to-node=\"10,0\" data-index-in-node=\"0\">Indywidualna konsultacja dietetyczna (30-60 min)<\/b><\/p>\n<p data-path-to-node=\"10,1\">Potrzebujesz profesjonalnego wsparcia w powrocie do zdrowia? Jako dietetyk kliniczny pomog\u0119 Ci nie tylko w redukcji wagi, ale przede wszystkim w dietoterapii chor\u00f3b nerek, jelit oraz w onkologii.<\/p>\n<p data-path-to-node=\"10,2\"><b data-path-to-node=\"10,2\" data-index-in-node=\"0\">Co zyskujesz w ramach konsultacji?<\/b><\/p>\n<ul data-path-to-node=\"10,3\">\n<li>\n<p data-path-to-node=\"10,3,0,0\"><b data-path-to-node=\"10,3,0,0\" data-index-in-node=\"0\">30-60 minut<\/b> indywidualnej rozmowy z ekspertem.<\/p>\n<\/li>\n<li>\n<p data-path-to-node=\"10,3,1,0\">Odpowiedzi na Twoje pytania i analiz\u0119 dotychczasowego sposobu \u017cywienia.<\/p>\n<\/li>\n<li>\n<p data-path-to-node=\"10,3,2,0\">Konkretne wskaz\u00f3wki dopasowane do Twojego stanu zdrowia.<\/p>\n<\/li>\n<\/ul>\n<p data-path-to-node=\"10,4\"><b data-path-to-node=\"10,4\" data-index-in-node=\"0\">Jak to dzia\u0142a?<\/b> Po dokonaniu zakupu skontaktujemy si\u0119 z Tob\u0105 w ci\u0105gu [np. 24h], aby ustali\u0107 najdogodniejszy dla Ciebie termin wizyty online.<\/p>\n<p data-path-to-node=\"10,5\"><i data-path-to-node=\"10,5\" data-index-in-node=\"0\">Masz pytania przed zakupem? Jeste\u015bmy do Twojej dyspozycji: 783 369 887 lub sklep@zdrowiebezlekarza.pl<\/i><\/p>\n<p data-path-to-node=\"10,5\">\n<p data-path-to-node=\"10,5\">Konsultacja dietetyczna nie zawiera przepis\u00f3w ani jad\u0142ospisu.<\/p>\n","protected":false},"excerpt":{"rendered":"<p>Pojedyncza konsultacja dietetyczna<\/p>\n","protected":false},"featured_media":1465,"comment_status":"closed","ping_status":"closed","template":"","meta":[],"product_brand":[],"product_cat":[203],"product_tag":[],"class_list":{"0":"post-685","1":"product","2":"type-product","3":"status-publish","4":"has-post-thumbnail","6":"product_cat-konsultacje-online","8":"first","9":"instock","10":"shipping-taxable","11":"purchasable","12":"product-type-simple"},"yoast_head":"<!-- This site is optimized with the Yoast SEO plugin v27.3 - https:\/\/yoast.com\/product\/yoast-seo-wordpress\/ -->\n<title>Konsultacja dietetyczna online - Gabinet Dietetyczny MARCHEWKA<\/title>\n<meta name=\"robots\" content=\"index, follow, max-snippet:-1, max-image-preview:large, max-video-preview:-1\" \/>\n<link rel=\"canonical\" href=\"https:\/\/zdrowiebezlekarza.pl\/sklep\/produkt\/jednorazowa-wizyta-dietetyczna-online\/\" \/>\n<meta property=\"og:locale\" content=\"pl_PL\" \/>\n<meta property=\"og:type\" content=\"article\" \/>\n<meta property=\"og:title\" content=\"Konsultacja dietetyczna online - Gabinet Dietetyczny MARCHEWKA\" \/>\n<meta property=\"og:description\" content=\"Pojedyncza konsultacja dietetyczna\" \/>\n<meta property=\"og:url\" content=\"https:\/\/zdrowiebezlekarza.pl\/sklep\/produkt\/jednorazowa-wizyta-dietetyczna-online\/\" \/>\n<meta property=\"og:site_name\" content=\"Gabinet Dietetyczny MARCHEWKA\" \/>\n<meta property=\"article:modified_time\" content=\"2026-01-13T14:50:37+00:00\" \/>\n<meta property=\"og:image\" content=\"https:\/\/zdrowiebezlekarza.pl\/sklep\/wp-content\/uploads\/2023\/07\/1.jpg\" \/>\n\t<meta property=\"og:image:width\" content=\"1080\" \/>\n\t<meta property=\"og:image:height\" content=\"1080\" \/>\n\t<meta property=\"og:image:type\" content=\"image\/jpeg\" \/>\n<meta name=\"twitter:card\" content=\"summary_large_image\" \/>\n<meta name=\"twitter:label1\" content=\"Szacowany czas czytania\" \/>\n\t<meta name=\"twitter:data1\" content=\"1 minuta\" \/>\n<script type=\"application\/ld+json\" class=\"yoast-schema-graph\">{\"@context\":\"https:\\\/\\\/schema.org\",\"@graph\":[{\"@type\":\"WebPage\",\"@id\":\"https:\\\/\\\/zdrowiebezlekarza.pl\\\/sklep\\\/produkt\\\/jednorazowa-wizyta-dietetyczna-online\\\/\",\"url\":\"https:\\\/\\\/zdrowiebezlekarza.pl\\\/sklep\\\/produkt\\\/jednorazowa-wizyta-dietetyczna-online\\\/\",\"name\":\"Konsultacja dietetyczna online - Gabinet Dietetyczny MARCHEWKA\",\"isPartOf\":{\"@id\":\"https:\\\/\\\/zdrowiebezlekarza.pl\\\/sklep\\\/#website\"},\"primaryImageOfPage\":{\"@id\":\"https:\\\/\\\/zdrowiebezlekarza.pl\\\/sklep\\\/produkt\\\/jednorazowa-wizyta-dietetyczna-online\\\/#primaryimage\"},\"image\":{\"@id\":\"https:\\\/\\\/zdrowiebezlekarza.pl\\\/sklep\\\/produkt\\\/jednorazowa-wizyta-dietetyczna-online\\\/#primaryimage\"},\"thumbnailUrl\":\"https:\\\/\\\/i0.wp.com\\\/zdrowiebezlekarza.pl\\\/sklep\\\/wp-content\\\/uploads\\\/2023\\\/07\\\/1.jpg?fit=1080%2C1080&ssl=1\",\"datePublished\":\"2023-07-24T13:41:31+00:00\",\"dateModified\":\"2026-01-13T14:50:37+00:00\",\"breadcrumb\":{\"@id\":\"https:\\\/\\\/zdrowiebezlekarza.pl\\\/sklep\\\/produkt\\\/jednorazowa-wizyta-dietetyczna-online\\\/#breadcrumb\"},\"inLanguage\":\"pl-PL\",\"potentialAction\":[{\"@type\":\"ReadAction\",\"target\":[\"https:\\\/\\\/zdrowiebezlekarza.pl\\\/sklep\\\/produkt\\\/jednorazowa-wizyta-dietetyczna-online\\\/\"]}]},{\"@type\":\"ImageObject\",\"inLanguage\":\"pl-PL\",\"@id\":\"https:\\\/\\\/zdrowiebezlekarza.pl\\\/sklep\\\/produkt\\\/jednorazowa-wizyta-dietetyczna-online\\\/#primaryimage\",\"url\":\"https:\\\/\\\/i0.wp.com\\\/zdrowiebezlekarza.pl\\\/sklep\\\/wp-content\\\/uploads\\\/2023\\\/07\\\/1.jpg?fit=1080%2C1080&ssl=1\",\"contentUrl\":\"https:\\\/\\\/i0.wp.com\\\/zdrowiebezlekarza.pl\\\/sklep\\\/wp-content\\\/uploads\\\/2023\\\/07\\\/1.jpg?fit=1080%2C1080&ssl=1\",\"width\":1080,\"height\":1080,\"caption\":\"Pojedyncza konsultacja dietetyczna\"},{\"@type\":\"BreadcrumbList\",\"@id\":\"https:\\\/\\\/zdrowiebezlekarza.pl\\\/sklep\\\/produkt\\\/jednorazowa-wizyta-dietetyczna-online\\\/#breadcrumb\",\"itemListElement\":[{\"@type\":\"ListItem\",\"position\":1,\"name\":\"Strona g\u0142\u00f3wna\",\"item\":\"https:\\\/\\\/zdrowiebezlekarza.pl\\\/sklep\\\/\"},{\"@type\":\"ListItem\",\"position\":2,\"name\":\"Sklep\",\"item\":\"https:\\\/\\\/zdrowiebezlekarza.pl\\\/sklep\\\/sklep\\\/\"},{\"@type\":\"ListItem\",\"position\":3,\"name\":\"Konsultacja dietetyczna online\"}]},{\"@type\":\"WebSite\",\"@id\":\"https:\\\/\\\/zdrowiebezlekarza.pl\\\/sklep\\\/#website\",\"url\":\"https:\\\/\\\/zdrowiebezlekarza.pl\\\/sklep\\\/\",\"name\":\"Gabinet Dietetyczny MARCHEWKA\",\"description\":\"\",\"publisher\":{\"@id\":\"https:\\\/\\\/zdrowiebezlekarza.pl\\\/sklep\\\/#organization\"},\"potentialAction\":[{\"@type\":\"SearchAction\",\"target\":{\"@type\":\"EntryPoint\",\"urlTemplate\":\"https:\\\/\\\/zdrowiebezlekarza.pl\\\/sklep\\\/?s={search_term_string}\"},\"query-input\":{\"@type\":\"PropertyValueSpecification\",\"valueRequired\":true,\"valueName\":\"search_term_string\"}}],\"inLanguage\":\"pl-PL\"},{\"@type\":\"Organization\",\"@id\":\"https:\\\/\\\/zdrowiebezlekarza.pl\\\/sklep\\\/#organization\",\"name\":\"Gabinet Dietetyczny MARCHEWKA\",\"url\":\"https:\\\/\\\/zdrowiebezlekarza.pl\\\/sklep\\\/\",\"logo\":{\"@type\":\"ImageObject\",\"inLanguage\":\"pl-PL\",\"@id\":\"https:\\\/\\\/zdrowiebezlekarza.pl\\\/sklep\\\/#\\\/schema\\\/logo\\\/image\\\/\",\"url\":\"https:\\\/\\\/i0.wp.com\\\/zdrowiebezlekarza.pl\\\/sklep\\\/wp-content\\\/uploads\\\/2024\\\/12\\\/cropped-sklep-dietetyczny-marchewka.webp?fit=240%2C324&ssl=1\",\"contentUrl\":\"https:\\\/\\\/i0.wp.com\\\/zdrowiebezlekarza.pl\\\/sklep\\\/wp-content\\\/uploads\\\/2024\\\/12\\\/cropped-sklep-dietetyczny-marchewka.webp?fit=240%2C324&ssl=1\",\"width\":240,\"height\":324,\"caption\":\"Gabinet Dietetyczny MARCHEWKA\"},\"image\":{\"@id\":\"https:\\\/\\\/zdrowiebezlekarza.pl\\\/sklep\\\/#\\\/schema\\\/logo\\\/image\\\/\"}}]}<\/script>\n<!-- \/ Yoast SEO plugin. -->","yoast_head_json":{"title":"Konsultacja dietetyczna online - Gabinet Dietetyczny MARCHEWKA","robots":{"index":"index","follow":"follow","max-snippet":"max-snippet:-1","max-image-preview":"max-image-preview:large","max-video-preview":"max-video-preview:-1"},"canonical":"https:\/\/zdrowiebezlekarza.pl\/sklep\/produkt\/jednorazowa-wizyta-dietetyczna-online\/","og_locale":"pl_PL","og_type":"article","og_title":"Konsultacja dietetyczna online - Gabinet Dietetyczny MARCHEWKA","og_description":"Pojedyncza konsultacja dietetyczna","og_url":"https:\/\/zdrowiebezlekarza.pl\/sklep\/produkt\/jednorazowa-wizyta-dietetyczna-online\/","og_site_name":"Gabinet Dietetyczny MARCHEWKA","article_modified_time":"2026-01-13T14:50:37+00:00","og_image":[{"width":1080,"height":1080,"url":"https:\/\/zdrowiebezlekarza.pl\/sklep\/wp-content\/uploads\/2023\/07\/1.jpg","type":"image\/jpeg"}],"twitter_card":"summary_large_image","twitter_misc":{"Szacowany czas czytania":"1 minuta"},"schema":{"@context":"https:\/\/schema.org","@graph":[{"@type":"WebPage","@id":"https:\/\/zdrowiebezlekarza.pl\/sklep\/produkt\/jednorazowa-wizyta-dietetyczna-online\/","url":"https:\/\/zdrowiebezlekarza.pl\/sklep\/produkt\/jednorazowa-wizyta-dietetyczna-online\/","name":"Konsultacja dietetyczna online - Gabinet Dietetyczny MARCHEWKA","isPartOf":{"@id":"https:\/\/zdrowiebezlekarza.pl\/sklep\/#website"},"primaryImageOfPage":{"@id":"https:\/\/zdrowiebezlekarza.pl\/sklep\/produkt\/jednorazowa-wizyta-dietetyczna-online\/#primaryimage"},"image":{"@id":"https:\/\/zdrowiebezlekarza.pl\/sklep\/produkt\/jednorazowa-wizyta-dietetyczna-online\/#primaryimage"},"thumbnailUrl":"https:\/\/i0.wp.com\/zdrowiebezlekarza.pl\/sklep\/wp-content\/uploads\/2023\/07\/1.jpg?fit=1080%2C1080&ssl=1","datePublished":"2023-07-24T13:41:31+00:00","dateModified":"2026-01-13T14:50:37+00:00","breadcrumb":{"@id":"https:\/\/zdrowiebezlekarza.pl\/sklep\/produkt\/jednorazowa-wizyta-dietetyczna-online\/#breadcrumb"},"inLanguage":"pl-PL","potentialAction":[{"@type":"ReadAction","target":["https:\/\/zdrowiebezlekarza.pl\/sklep\/produkt\/jednorazowa-wizyta-dietetyczna-online\/"]}]},{"@type":"ImageObject","inLanguage":"pl-PL","@id":"https:\/\/zdrowiebezlekarza.pl\/sklep\/produkt\/jednorazowa-wizyta-dietetyczna-online\/#primaryimage","url":"https:\/\/i0.wp.com\/zdrowiebezlekarza.pl\/sklep\/wp-content\/uploads\/2023\/07\/1.jpg?fit=1080%2C1080&ssl=1","contentUrl":"https:\/\/i0.wp.com\/zdrowiebezlekarza.pl\/sklep\/wp-content\/uploads\/2023\/07\/1.jpg?fit=1080%2C1080&ssl=1","width":1080,"height":1080,"caption":"Pojedyncza konsultacja dietetyczna"},{"@type":"BreadcrumbList","@id":"https:\/\/zdrowiebezlekarza.pl\/sklep\/produkt\/jednorazowa-wizyta-dietetyczna-online\/#breadcrumb","itemListElement":[{"@type":"ListItem","position":1,"name":"Strona g\u0142\u00f3wna","item":"https:\/\/zdrowiebezlekarza.pl\/sklep\/"},{"@type":"ListItem","position":2,"name":"Sklep","item":"https:\/\/zdrowiebezlekarza.pl\/sklep\/sklep\/"},{"@type":"ListItem","position":3,"name":"Konsultacja dietetyczna online"}]},{"@type":"WebSite","@id":"https:\/\/zdrowiebezlekarza.pl\/sklep\/#website","url":"https:\/\/zdrowiebezlekarza.pl\/sklep\/","name":"Gabinet Dietetyczny MARCHEWKA","description":"","publisher":{"@id":"https:\/\/zdrowiebezlekarza.pl\/sklep\/#organization"},"potentialAction":[{"@type":"SearchAction","target":{"@type":"EntryPoint","urlTemplate":"https:\/\/zdrowiebezlekarza.pl\/sklep\/?s={search_term_string}"},"query-input":{"@type":"PropertyValueSpecification","valueRequired":true,"valueName":"search_term_string"}}],"inLanguage":"pl-PL"},{"@type":"Organization","@id":"https:\/\/zdrowiebezlekarza.pl\/sklep\/#organization","name":"Gabinet Dietetyczny MARCHEWKA","url":"https:\/\/zdrowiebezlekarza.pl\/sklep\/","logo":{"@type":"ImageObject","inLanguage":"pl-PL","@id":"https:\/\/zdrowiebezlekarza.pl\/sklep\/#\/schema\/logo\/image\/","url":"https:\/\/i0.wp.com\/zdrowiebezlekarza.pl\/sklep\/wp-content\/uploads\/2024\/12\/cropped-sklep-dietetyczny-marchewka.webp?fit=240%2C324&ssl=1","contentUrl":"https:\/\/i0.wp.com\/zdrowiebezlekarza.pl\/sklep\/wp-content\/uploads\/2024\/12\/cropped-sklep-dietetyczny-marchewka.webp?fit=240%2C324&ssl=1","width":240,"height":324,"caption":"Gabinet Dietetyczny MARCHEWKA"},"image":{"@id":"https:\/\/zdrowiebezlekarza.pl\/sklep\/#\/schema\/logo\/image\/"}}]}},"jetpack_sharing_enabled":true,"_links":{"self":[{"href":"https:\/\/zdrowiebezlekarza.pl\/sklep\/wp-json\/wp\/v2\/product\/685","targetHints":{"allow":["GET"]}}],"collection":[{"href":"https:\/\/zdrowiebezlekarza.pl\/sklep\/wp-json\/wp\/v2\/product"}],"about":[{"href":"https:\/\/zdrowiebezlekarza.pl\/sklep\/wp-json\/wp\/v2\/types\/product"}],"replies":[{"embeddable":true,"href":"https:\/\/zdrowiebezlekarza.pl\/sklep\/wp-json\/wp\/v2\/comments?post=685"}],"wp:featuredmedia":[{"embeddable":true,"href":"https:\/\/zdrowiebezlekarza.pl\/sklep\/wp-json\/wp\/v2\/media\/1465"}],"wp:attachment":[{"href":"https:\/\/zdrowiebezlekarza.pl\/sklep\/wp-json\/wp\/v2\/media?parent=685"}],"wp:term":[{"taxonomy":"product_brand","embeddable":true,"href":"https:\/\/zdrowiebezlekarza.pl\/sklep\/wp-json\/wp\/v2\/product_brand?post=685"},{"taxonomy":"product_cat","embeddable":true,"href":"https:\/\/zdrowiebezlekarza.pl\/sklep\/wp-json\/wp\/v2\/product_cat?post=685"},{"taxonomy":"product_tag","embeddable":true,"href":"https:\/\/zdrowiebezlekarza.pl\/sklep\/wp-json\/wp\/v2\/product_tag?post=685"}],"curies":[{"name":"wp","href":"https:\/\/api.w.org\/{rel}","templated":true}]}}