{"id":511,"date":"2022-07-06T10:03:14","date_gmt":"2022-07-06T08:03:14","guid":{"rendered":"https:\/\/www.zdrowiebezlekarza.pl\/sklep\/?post_type=product&#038;p=511"},"modified":"2025-12-10T11:17:58","modified_gmt":"2025-12-10T10:17:58","slug":"dieta-po-wycieciu-woreczka-zolciowego-14-dni","status":"publish","type":"product","link":"https:\/\/zdrowiebezlekarza.pl\/sklep\/produkt\/dieta-po-wycieciu-woreczka-zolciowego-14-dni\/","title":{"rendered":"Dieta po wyci\u0119ciu woreczka \u017c\u00f3\u0142ciowego 14 dni"},"content":{"rendered":"<h3><img decoding=\"async\" class=\"emoji\" role=\"img\" draggable=\"false\" src=\"https:\/\/s.w.org\/images\/core\/emoji\/17.0.2\/svg\/2728.svg\" alt=\"\u2728\" \/>KLINICZNA GWARANCJA BEZPIECZE\u0143STWA\u00a0<img decoding=\"async\" class=\"emoji\" role=\"img\" draggable=\"false\" src=\"https:\/\/s.w.org\/images\/core\/emoji\/17.0.2\/svg\/2728.svg\" alt=\"\u2728\" \/><\/h3>\n<p>Jad\u0142ospis u\u0142o\u017cony przez dyplomowanego dietetyka klinicznego.<\/p>\n<p><b>Bezpieczny plan adaptacyjny<\/b> \u2013 zawiera diet\u0119 \u0142atwostrawn\u0105 z <b>obni\u017con\u0105 ilo\u015bci\u0105 t\u0142uszczu i b\u0142onnika<\/b>, minimalizuj\u0105c\u0105 ryzyko b\u00f3lu.<\/p>\n<p data-path-to-node=\"4,2\"><b>Odzyskaj spok\u00f3j!<\/b> Koniec z ryzykiem niestrawno\u015bci, ryzykiem wyst\u0105pienia ostrego zapalenia trzustki i szukaniem bezpiecznych przepis\u00f3w.<\/p>\n<p>Jad\u0142ospis jest przeznaczony dla os\u00f3b w okresie adaptacyjnym<strong>\u00a0po usuni\u0119ciu p\u0119cherzyka \u017c\u00f3\u0142ciowego (cholecystektomii) po wyj\u015bciu ze szpitala<\/strong>.<\/p>\n<h2><strong>Dlaczego warto kupi\u0107 ten jad\u0142ospis?<\/strong><\/h2>\n<p>Gotowy jad\u0142ospis zawiera przepisy diety \u0142atwostrawnej z kontrolowan\u0105 zawarto\u015bci\u0105 t\u0142uszczu i b\u0142onnika.<\/p>\n<ul>\n<li>sk\u0142adniki na dania kupisz w popularnych sklepach<\/li>\n<li>wi\u0119kszo\u015b\u0107 da\u0144 przygotujesz w 15-20 minut<\/li>\n<li>dania s\u0105 opracowane przez dietetyka klinicznego<\/li>\n<li>nie musisz traci\u0107 czasu na szukaniu w\u0142a\u015bciwych przepis\u00f3w<\/li>\n<li>jad\u0142ospis sk\u0142ada si\u0119 z prostych da\u0144<\/li>\n<li>masz natychmiastowy dost\u0119p (plik pdf)<\/li>\n<li>list\u0119 zakup\u00f3w na ka\u017cdy tydzie\u0144<\/li>\n<\/ul>\n<p>Jad\u0142ospis to a\u017c 39 stron informacji na temat od\u017cywiania po wyci\u0119ciu p\u0119cherzyka \u017c\u00f3\u0142ciowego i proste bezpieczne przepisy do zastosowania. Ka\u017cdy dzie\u0144 z jad\u0142ospisu to idealnie skomponowane dania w 5 posi\u0142kach, kt\u00f3re zapewni\u0105 Ci w\u0142a\u015bciwe od\u017cywienie i regeneracj\u0119 organizmu. Zyskaj spok\u00f3j i pewno\u015b\u0107 \u2013 koniec z zastanawianiem si\u0119 co mo\u017cesz, a czego nie mo\u017cesz bezpiecznie zje\u015b\u0107.<\/p>\n<p><strong>Ten gotowy jad\u0142ospis to tylko 6,93 z\u0142 za ka\u017cdy dzie\u0144 za Twoje bezpiecze\u0144stwo.<\/strong><\/p>\n<h2><strong>Co otrzymasz?<\/strong><\/h2>\n<ul>\n<li>prosty jad\u0142ospis z rozplanowanymi posi\u0142kami, gramatur\u0105, sposobem wykonania i list\u0105 zakup\u00f3w na ca\u0142y tydzie\u0144<\/li>\n<li>5 odpowiednio zbilansowanych posi\u0142k\u00f3w na ka\u017cdy dzie\u0144<\/li>\n<li>proste i szybkie w wykonaniu dania z podana warto\u015bci\u0105 kaloryczn\u0105<\/li>\n<li>tygodniow\u0105 list\u0119 sk\u0142adnik\u00f3w \u0142atwo dost\u0119pnych<\/li>\n<li>godziny posi\u0142k\u00f3w, kt\u00f3re mo\u017cesz zmieni\u0107 i dostosowa\u0107 do swojego rytmu dobowego<\/li>\n<li>tygodniowe podsumowanie jad\u0142ospisu<\/li>\n<\/ul>\n<h2><strong>Najcz\u0119\u015bciej zadawane pytania<\/strong><\/h2>\n<style>#sp-ea-1420 .spcollapsing { height: 0; overflow: hidden; transition-property: height;transition-duration: 300ms;}#sp-ea-1420.sp-easy-accordion>.sp-ea-single {margin-bottom: 10px; border: 1px solid #e2e2e2; }#sp-ea-1420.sp-easy-accordion>.sp-ea-single>.ea-header a {color: #444;}#sp-ea-1420.sp-easy-accordion>.sp-ea-single>.sp-collapse>.ea-body {background: #fff; color: #444;}#sp-ea-1420.sp-easy-accordion>.sp-ea-single {background: #eee;}#sp-ea-1420.sp-easy-accordion>.sp-ea-single>.ea-header a .ea-expand-icon { float: left; color: #444;font-size: 16px;}<\/style><div id=\"sp_easy_accordion-1764874397\"><div id=\"sp-ea-1420\" class=\"sp-ea-one sp-easy-accordion\" data-ea-active=\"ea-click\" data-ea-mode=\"vertical\" data-preloader=\"\" data-scroll-active-item=\"\" data-offset-to-scroll=\"0\"><div class=\"ea-card ea-expand sp-ea-single\"><h3 class=\"ea-header\"><a class=\"collapsed\" id=\"ea-header-14200\" role=\"button\" data-sptoggle=\"spcollapse\" data-sptarget=\"#collapse14200\" aria-controls=\"collapse14200\" href=\"#\" aria-expanded=\"true\" tabindex=\"0\"><i aria-hidden=\"true\" role=\"presentation\" class=\"ea-expand-icon eap-icon-ea-expand-minus\"><\/i> Czy dieta jest dla mnie bezpieczna?<\/a><\/h3><div class=\"sp-collapse spcollapse collapsed show\" id=\"collapse14200\" data-parent=\"#sp-ea-1420\" role=\"region\" aria-labelledby=\"ea-header-14200\"> <div class=\"ea-body\"><p>Tak. Ten 28-dniowy jad\u0142ospis zosta\u0142 u\u0142o\u017cony przez d<b>yplomowanego Dietetyka Klinicznego<\/b> i opiera si\u0119 na wytycznych diety \u0142atwostrawnej z nisk\u0105 zawarto\u015bci\u0105 t\u0142uszczu i b\u0142onnika. Koncentruje si\u0119 na wsparciu w\u0105troby i dr\u00f3g \u017c\u00f3\u0142ciowych w okresie adaptacji po usuni\u0119ciu woreczka \u017c\u00f3\u0142ciowego. Posi\u0142ki w pierwszym etapie s\u0105 <b>p\u0142ynne i p\u00f3\u0142p\u0142ynne<\/b>, aby minimalizowa\u0107 obci\u0105\u017cenie uk\u0142adu pokarmowego i ryzyko kolki.<\/p><\/div><\/div><\/div><div class=\"ea-card sp-ea-single\"><h3 class=\"ea-header\"><a class=\"collapsed\" id=\"ea-header-14201\" role=\"button\" data-sptoggle=\"spcollapse\" data-sptarget=\"#collapse14201\" aria-controls=\"collapse14201\" href=\"#\" aria-expanded=\"false\" tabindex=\"0\"><i aria-hidden=\"true\" role=\"presentation\" class=\"ea-expand-icon eap-icon-ea-expand-plus\"><\/i> Czy posi\u0142ki nie b\u0119d\u0105 powodowa\u0142y wzd\u0119\u0107, nudno\u015bci lub biegunek? <\/a><\/h3><div class=\"sp-collapse spcollapse \" id=\"collapse14201\" data-parent=\"#sp-ea-1420\" role=\"region\" aria-labelledby=\"ea-header-14201\"> <div class=\"ea-body\"><p>Jad\u0142ospis zosta\u0142 zaprojektowany, by <b>minimalizowa\u0107 ryzyko<\/b> nieprzyjemnych objaw\u00f3w. Przepisy opieraj\u0105 si\u0119 na dozwolonej technologii termicznej jak\u0105 s\u0105: gotowanie, duszenie i pieczenie w r\u0119kawie. Unikamy sma\u017cenia i du\u017cej ilo\u015bci surowych warzyw w pocz\u0105tkowym okresie. Dieta jest u\u0142o\u017cona tak, by stopniowo i bezpiecznie przyzwyczaja\u0107 organizm do trawienia, wspieraj\u0105c rekonwalescencj\u0119.<\/p><\/div><\/div><\/div><div class=\"ea-card sp-ea-single\"><h3 class=\"ea-header\"><a class=\"collapsed\" id=\"ea-header-14202\" role=\"button\" data-sptoggle=\"spcollapse\" data-sptarget=\"#collapse14202\" aria-controls=\"collapse14202\" href=\"#\" aria-expanded=\"false\" tabindex=\"0\"><i aria-hidden=\"true\" role=\"presentation\" class=\"ea-expand-icon eap-icon-ea-expand-plus\"><\/i> Czy do jad\u0142ospisu trzeba kupowa\u0107 drogie i trudno dost\u0119pne sk\u0142adniki? <\/a><\/h3><div class=\"sp-collapse spcollapse \" id=\"collapse14202\" data-parent=\"#sp-ea-1420\" role=\"region\" aria-labelledby=\"ea-header-14202\"> <div class=\"ea-body\"><p>Absolutnie nie. Lista zakup\u00f3w jest skonstruowana w oparciu o produkty, kt\u00f3re s\u0105 <b>\u0142atwo dost\u0119pne<\/b> w wi\u0119kszo\u015bci popularnych supermarket\u00f3w. W jad\u0142ospisie znajdziesz proste, naturalne produkty o udowodnionym bezpiecze\u0144stwie klinicznym w kontek\u015bcie diety adaptacyjnej po wyci\u0119ciu woreczka \u017c\u00f3\u0142ciowego, bez potrzeby poszukiwania egzotycznych i drogich sk\u0142adnik\u00f3w.<\/p><\/div><\/div><\/div><div class=\"ea-card sp-ea-single\"><h3 class=\"ea-header\"><a class=\"collapsed\" id=\"ea-header-14203\" role=\"button\" data-sptoggle=\"spcollapse\" data-sptarget=\"#collapse14203\" aria-controls=\"collapse14203\" href=\"#\" aria-expanded=\"false\" tabindex=\"0\"><i aria-hidden=\"true\" role=\"presentation\" class=\"ea-expand-icon eap-icon-ea-expand-plus\"><\/i> Czy przepisy s\u0105 smaczne?<\/a><\/h3><div class=\"sp-collapse spcollapse \" id=\"collapse14203\" data-parent=\"#sp-ea-1420\" role=\"region\" aria-labelledby=\"ea-header-14203\"> <div class=\"ea-body\"><p>Posi\u0142ki s\u0105 r\u00f3\u017cnorodne i smaczne. Dieta lekkostrawna nie musi by\u0107 nudna \u2013 zadbali\u015bmy o to, aby regeneracja by\u0142a przyjemna!<\/p><\/div><\/div><\/div><div class=\"ea-card sp-ea-single\"><h3 class=\"ea-header\"><a class=\"collapsed\" id=\"ea-header-14204\" role=\"button\" data-sptoggle=\"spcollapse\" data-sptarget=\"#collapse14204\" aria-controls=\"collapse14204\" href=\"#\" aria-expanded=\"false\" tabindex=\"0\"><i aria-hidden=\"true\" role=\"presentation\" class=\"ea-expand-icon eap-icon-ea-expand-plus\"><\/i> Czy mog\u0119 podmienia\u0107 posi\u0142ki lub rezygnowa\u0107 z niekt\u00f3rych sk\u0142adnik\u00f3w?<\/a><\/h3><div class=\"sp-collapse spcollapse \" id=\"collapse14204\" data-parent=\"#sp-ea-1420\" role=\"region\" aria-labelledby=\"ea-header-14204\"> <div class=\"ea-body\"><p>Oczywi\u015bcie. Jad\u0142ospis zapewnia du\u017c\u0105 elastyczno\u015b\u0107. W daniach mo\u017cna wymienia\u0107 sk\u0142adniki na inne, wa\u017cne aby znajdowa\u0142y si\u0119 na li\u015bcie sk\u0142adnik\u00f3w dozwolonych. Mo\u017cna r\u00f3wnie\u017c wymienia\u0107 danie na danie z tego samego posi\u0142ku np. obiad na obiad. Dodatkowo mo\u017cesz po prostu wykorzysta\u0107 dania i utworzy\u0107 sw\u00f3j w\u0142asny jad\u0142ospis. Ka\u017cde danie jest oddzielnie bilansowane pod k\u0105tem sk\u0142adnik\u00f3w makro.<\/p><\/div><\/div><\/div><div class=\"ea-card sp-ea-single\"><h3 class=\"ea-header\"><a class=\"collapsed\" id=\"ea-header-14205\" role=\"button\" data-sptoggle=\"spcollapse\" data-sptarget=\"#collapse14205\" aria-controls=\"collapse14205\" href=\"#\" aria-expanded=\"false\" tabindex=\"0\"><i aria-hidden=\"true\" role=\"presentation\" class=\"ea-expand-icon eap-icon-ea-expand-plus\"><\/i> Czy b\u0119d\u0119 mie\u0107 czas na przygotowywanie posi\u0142k\u00f3w?<\/a><\/h3><div class=\"sp-collapse spcollapse \" id=\"collapse14205\" data-parent=\"#sp-ea-1420\" role=\"region\" aria-labelledby=\"ea-header-14205\"> <div class=\"ea-body\"><p>W posi\u0142kach znajdziesz proste i szybkie w przygotowaniu dania. Wi\u0119kszo\u015b\u0107 da\u0144 przygotujesz w 15 minut. To naprawd\u0119 \u0142atwe.<\/p><\/div><\/div><\/div><\/div><\/div>\n<h2><strong>Spos\u00f3b otrzymania jad\u0142ospisu<\/strong><\/h2>\n<p>Po z\u0142o\u017ceniu zam\u00f3wienia i dokonaniu op\u0142aty, ca\u0142y kompletny jad\u0142ospis zostanie wys\u0142any na wskazany przez Ciebie adres mailowy. W razie w\u0105tpliwo\u015bci i pyta\u0144 s\u0142u\u017c\u0119 pomoc\u0105.<\/p>\n<p>M\u00f3j e-mail:\u00a0<a href=\"mailto:sklep@zdrowiebezlekarza.pl\">sklep@zdrowiebezlekarza.pl<\/a><\/p>\n<hr \/>\n<p><strong>Ma\u0142gorzata Skrzypczak \u2013 Dyplomowany Dietetyk Kliniczny &#8211; autor jad\u0142ospis\u00f3w<\/strong><\/p>\n<p><img loading=\"lazy\" decoding=\"async\" data-attachment-id=\"1313\" data-permalink=\"https:\/\/zdrowiebezlekarza.pl\/sklep\/kobieca-energia-pilates-swiadome-odzywianie-rytualy-piekna\/projekt-bez-nazwy-15\/\" data-orig-file=\"https:\/\/i0.wp.com\/zdrowiebezlekarza.pl\/sklep\/wp-content\/uploads\/2025\/03\/Projekt-bez-nazwy-15.jpg?fit=300%2C300&amp;ssl=1\" data-orig-size=\"300,300\" data-comments-opened=\"0\" data-image-meta=\"{&quot;aperture&quot;:&quot;0&quot;,&quot;credit&quot;:&quot;&quot;,&quot;camera&quot;:&quot;&quot;,&quot;caption&quot;:&quot;&quot;,&quot;created_timestamp&quot;:&quot;0&quot;,&quot;copyright&quot;:&quot;&quot;,&quot;focal_length&quot;:&quot;0&quot;,&quot;iso&quot;:&quot;0&quot;,&quot;shutter_speed&quot;:&quot;0&quot;,&quot;title&quot;:&quot;&quot;,&quot;orientation&quot;:&quot;1&quot;}\" data-image-title=\"Projekt bez nazwy (15)\" data-image-description=\"\" data-image-caption=\"\" data-medium-file=\"https:\/\/i0.wp.com\/zdrowiebezlekarza.pl\/sklep\/wp-content\/uploads\/2025\/03\/Projekt-bez-nazwy-15.jpg?fit=300%2C300&amp;ssl=1\" data-large-file=\"https:\/\/i0.wp.com\/zdrowiebezlekarza.pl\/sklep\/wp-content\/uploads\/2025\/03\/Projekt-bez-nazwy-15.jpg?fit=300%2C300&amp;ssl=1\" class=\"alignleft wp-image-1313 size-thumbnail\" src=\"https:\/\/i0.wp.com\/zdrowiebezlekarza.pl\/sklep\/wp-content\/uploads\/2025\/03\/Projekt-bez-nazwy-15.jpg?resize=150%2C150&amp;ssl=1\" sizes=\"auto, (max-width: 150px) 100vw, 150px\" srcset=\"https:\/\/i0.wp.com\/zdrowiebezlekarza.pl\/sklep\/wp-content\/uploads\/2025\/03\/Projekt-bez-nazwy-15.jpg?resize=150%2C150&amp;ssl=1 150w, https:\/\/i0.wp.com\/zdrowiebezlekarza.pl\/sklep\/wp-content\/uploads\/2025\/03\/Projekt-bez-nazwy-15.jpg?resize=100%2C100&amp;ssl=1 100w, https:\/\/i0.wp.com\/zdrowiebezlekarza.pl\/sklep\/wp-content\/uploads\/2025\/03\/Projekt-bez-nazwy-15.jpg?w=300&amp;ssl=1 300w\" alt=\"\" width=\"150\" height=\"150\" data-recalc-dims=\"1\" data-attachment-id=\"1313\" data-permalink=\"https:\/\/zdrowiebezlekarza.pl\/sklep\/kobieca-energia-pilates-swiadome-odzywianie-rytualy-piekna\/projekt-bez-nazwy-15\/\" data-orig-file=\"https:\/\/i0.wp.com\/zdrowiebezlekarza.pl\/sklep\/wp-content\/uploads\/2025\/03\/Projekt-bez-nazwy-15.jpg?fit=300%2C300&amp;ssl=1\" data-orig-size=\"300,300\" data-comments-opened=\"0\" data-image-meta=\"{&quot;aperture&quot;:&quot;0&quot;,&quot;credit&quot;:&quot;&quot;,&quot;camera&quot;:&quot;&quot;,&quot;caption&quot;:&quot;&quot;,&quot;created_timestamp&quot;:&quot;0&quot;,&quot;copyright&quot;:&quot;&quot;,&quot;focal_length&quot;:&quot;0&quot;,&quot;iso&quot;:&quot;0&quot;,&quot;shutter_speed&quot;:&quot;0&quot;,&quot;title&quot;:&quot;&quot;,&quot;orientation&quot;:&quot;1&quot;}\" data-image-title=\"Projekt bez nazwy (15)\" data-image-description=\"\" data-image-caption=\"\" data-medium-file=\"https:\/\/i0.wp.com\/zdrowiebezlekarza.pl\/sklep\/wp-content\/uploads\/2025\/03\/Projekt-bez-nazwy-15.jpg?fit=300%2C300&amp;ssl=1\" data-large-file=\"https:\/\/i0.wp.com\/zdrowiebezlekarza.pl\/sklep\/wp-content\/uploads\/2025\/03\/Projekt-bez-nazwy-15.jpg?fit=300%2C300&amp;ssl=1\" \/><br \/>\n<span class=\"cf0\">Jestem podw\u00f3jnym magistrem dietetyki klinicznej i technologii chemii. Moja praca skupia si\u0119 na wprowadzaniu spokoju w od\u017cywianie os\u00f3b z powa\u017cnymi wyzwaniami zdrowotnymi, takimi jak choroby nerek, jelit oraz onkologia.<\/span><\/p>\n<p><span class=\"cf0\">Je\u015bli szukasz eksperta, kt\u00f3ry \u0142\u0105czy rzeteln\u0105 wiedz\u0119, by wspiera\u0107 Ci\u0119 w profilaktyce i chorobie \u2013 jestem do Twojej dyspozycji.<\/span><\/p>\n","protected":false},"excerpt":{"rendered":"<p>5 posi\u0142k\u00f3w 2000 kcal<\/p>\n","protected":false},"featured_media":611,"comment_status":"closed","ping_status":"closed","template":"","meta":[],"product_brand":[],"product_cat":[209],"product_tag":[161,162,159,18,17,160,163,164,158],"class_list":{"0":"post-511","1":"product","2":"type-product","3":"status-publish","4":"has-post-thumbnail","6":"product_cat-woreczek-trzustka","7":"product_tag-2000-kcal","8":"product_tag-5-posilkow","9":"product_tag-dieta-po-wycieciu-woreczka-zolciowego","10":"product_tag-gotowy-jadlospis","11":"product_tag-jadlospis","12":"product_tag-jadlospis-po-wycieciu-woreczka-zolciowego","13":"product_tag-po-wycieciu-woreczka","14":"product_tag-po-wycieciu-woreczka-zolciowego","15":"product_tag-woreczek-zolciowy","17":"first","18":"instock","19":"downloadable","20":"virtual","21":"purchasable","22":"product-type-simple"},"yoast_head":"<!-- This site is optimized with the Yoast SEO plugin v27.3 - https:\/\/yoast.com\/product\/yoast-seo-wordpress\/ -->\n<title>Dieta po wyci\u0119ciu woreczka \u017c\u00f3\u0142ciowego 14 dni - Gabinet Dietetyczny MARCHEWKA<\/title>\n<meta name=\"robots\" content=\"index, follow, max-snippet:-1, max-image-preview:large, max-video-preview:-1\" \/>\n<link rel=\"canonical\" href=\"https:\/\/zdrowiebezlekarza.pl\/sklep\/produkt\/dieta-po-wycieciu-woreczka-zolciowego-14-dni\/\" \/>\n<meta property=\"og:locale\" content=\"pl_PL\" \/>\n<meta property=\"og:type\" content=\"article\" \/>\n<meta property=\"og:title\" content=\"Dieta po wyci\u0119ciu woreczka \u017c\u00f3\u0142ciowego 14 dni - Gabinet Dietetyczny MARCHEWKA\" \/>\n<meta property=\"og:description\" content=\"5 posi\u0142k\u00f3w 2000 kcal\" \/>\n<meta property=\"og:url\" content=\"https:\/\/zdrowiebezlekarza.pl\/sklep\/produkt\/dieta-po-wycieciu-woreczka-zolciowego-14-dni\/\" \/>\n<meta property=\"og:site_name\" content=\"Gabinet Dietetyczny MARCHEWKA\" \/>\n<meta property=\"article:modified_time\" content=\"2025-12-10T10:17:58+00:00\" \/>\n<meta property=\"og:image\" content=\"https:\/\/zdrowiebezlekarza.pl\/sklep\/wp-content\/uploads\/2022\/07\/Dieta-po-wycieciu-woreczka-zolciowego-14-dni.png\" \/>\n\t<meta property=\"og:image:width\" content=\"1080\" \/>\n\t<meta property=\"og:image:height\" content=\"1080\" \/>\n\t<meta property=\"og:image:type\" content=\"image\/png\" \/>\n<meta name=\"twitter:card\" content=\"summary_large_image\" \/>\n<meta name=\"twitter:label1\" content=\"Szacowany czas czytania\" \/>\n\t<meta name=\"twitter:data1\" content=\"2 minuty\" \/>\n<script type=\"application\/ld+json\" class=\"yoast-schema-graph\">{\"@context\":\"https:\\\/\\\/schema.org\",\"@graph\":[{\"@type\":\"WebPage\",\"@id\":\"https:\\\/\\\/zdrowiebezlekarza.pl\\\/sklep\\\/produkt\\\/dieta-po-wycieciu-woreczka-zolciowego-14-dni\\\/\",\"url\":\"https:\\\/\\\/zdrowiebezlekarza.pl\\\/sklep\\\/produkt\\\/dieta-po-wycieciu-woreczka-zolciowego-14-dni\\\/\",\"name\":\"Dieta po wyci\u0119ciu woreczka \u017c\u00f3\u0142ciowego 14 dni - Gabinet Dietetyczny MARCHEWKA\",\"isPartOf\":{\"@id\":\"https:\\\/\\\/zdrowiebezlekarza.pl\\\/sklep\\\/#website\"},\"primaryImageOfPage\":{\"@id\":\"https:\\\/\\\/zdrowiebezlekarza.pl\\\/sklep\\\/produkt\\\/dieta-po-wycieciu-woreczka-zolciowego-14-dni\\\/#primaryimage\"},\"image\":{\"@id\":\"https:\\\/\\\/zdrowiebezlekarza.pl\\\/sklep\\\/produkt\\\/dieta-po-wycieciu-woreczka-zolciowego-14-dni\\\/#primaryimage\"},\"thumbnailUrl\":\"https:\\\/\\\/i0.wp.com\\\/zdrowiebezlekarza.pl\\\/sklep\\\/wp-content\\\/uploads\\\/2022\\\/07\\\/Dieta-po-wycieciu-woreczka-zolciowego-14-dni.png?fit=1080%2C1080&ssl=1\",\"datePublished\":\"2022-07-06T08:03:14+00:00\",\"dateModified\":\"2025-12-10T10:17:58+00:00\",\"breadcrumb\":{\"@id\":\"https:\\\/\\\/zdrowiebezlekarza.pl\\\/sklep\\\/produkt\\\/dieta-po-wycieciu-woreczka-zolciowego-14-dni\\\/#breadcrumb\"},\"inLanguage\":\"pl-PL\",\"potentialAction\":[{\"@type\":\"ReadAction\",\"target\":[\"https:\\\/\\\/zdrowiebezlekarza.pl\\\/sklep\\\/produkt\\\/dieta-po-wycieciu-woreczka-zolciowego-14-dni\\\/\"]}]},{\"@type\":\"ImageObject\",\"inLanguage\":\"pl-PL\",\"@id\":\"https:\\\/\\\/zdrowiebezlekarza.pl\\\/sklep\\\/produkt\\\/dieta-po-wycieciu-woreczka-zolciowego-14-dni\\\/#primaryimage\",\"url\":\"https:\\\/\\\/i0.wp.com\\\/zdrowiebezlekarza.pl\\\/sklep\\\/wp-content\\\/uploads\\\/2022\\\/07\\\/Dieta-po-wycieciu-woreczka-zolciowego-14-dni.png?fit=1080%2C1080&ssl=1\",\"contentUrl\":\"https:\\\/\\\/i0.wp.com\\\/zdrowiebezlekarza.pl\\\/sklep\\\/wp-content\\\/uploads\\\/2022\\\/07\\\/Dieta-po-wycieciu-woreczka-zolciowego-14-dni.png?fit=1080%2C1080&ssl=1\",\"width\":1080,\"height\":1080,\"caption\":\"Dieta po wyci\u0119ciu woreczka \u017c\u00f3\u0142ciowego 14 dni\"},{\"@type\":\"BreadcrumbList\",\"@id\":\"https:\\\/\\\/zdrowiebezlekarza.pl\\\/sklep\\\/produkt\\\/dieta-po-wycieciu-woreczka-zolciowego-14-dni\\\/#breadcrumb\",\"itemListElement\":[{\"@type\":\"ListItem\",\"position\":1,\"name\":\"Strona g\u0142\u00f3wna\",\"item\":\"https:\\\/\\\/zdrowiebezlekarza.pl\\\/sklep\\\/\"},{\"@type\":\"ListItem\",\"position\":2,\"name\":\"Sklep\",\"item\":\"https:\\\/\\\/zdrowiebezlekarza.pl\\\/sklep\\\/sklep\\\/\"},{\"@type\":\"ListItem\",\"position\":3,\"name\":\"Dieta po wyci\u0119ciu woreczka \u017c\u00f3\u0142ciowego 14 dni\"}]},{\"@type\":\"WebSite\",\"@id\":\"https:\\\/\\\/zdrowiebezlekarza.pl\\\/sklep\\\/#website\",\"url\":\"https:\\\/\\\/zdrowiebezlekarza.pl\\\/sklep\\\/\",\"name\":\"Gabinet Dietetyczny MARCHEWKA\",\"description\":\"\",\"publisher\":{\"@id\":\"https:\\\/\\\/zdrowiebezlekarza.pl\\\/sklep\\\/#organization\"},\"potentialAction\":[{\"@type\":\"SearchAction\",\"target\":{\"@type\":\"EntryPoint\",\"urlTemplate\":\"https:\\\/\\\/zdrowiebezlekarza.pl\\\/sklep\\\/?s={search_term_string}\"},\"query-input\":{\"@type\":\"PropertyValueSpecification\",\"valueRequired\":true,\"valueName\":\"search_term_string\"}}],\"inLanguage\":\"pl-PL\"},{\"@type\":\"Organization\",\"@id\":\"https:\\\/\\\/zdrowiebezlekarza.pl\\\/sklep\\\/#organization\",\"name\":\"Gabinet Dietetyczny MARCHEWKA\",\"url\":\"https:\\\/\\\/zdrowiebezlekarza.pl\\\/sklep\\\/\",\"logo\":{\"@type\":\"ImageObject\",\"inLanguage\":\"pl-PL\",\"@id\":\"https:\\\/\\\/zdrowiebezlekarza.pl\\\/sklep\\\/#\\\/schema\\\/logo\\\/image\\\/\",\"url\":\"https:\\\/\\\/i0.wp.com\\\/zdrowiebezlekarza.pl\\\/sklep\\\/wp-content\\\/uploads\\\/2024\\\/12\\\/cropped-sklep-dietetyczny-marchewka.webp?fit=240%2C324&ssl=1\",\"contentUrl\":\"https:\\\/\\\/i0.wp.com\\\/zdrowiebezlekarza.pl\\\/sklep\\\/wp-content\\\/uploads\\\/2024\\\/12\\\/cropped-sklep-dietetyczny-marchewka.webp?fit=240%2C324&ssl=1\",\"width\":240,\"height\":324,\"caption\":\"Gabinet Dietetyczny MARCHEWKA\"},\"image\":{\"@id\":\"https:\\\/\\\/zdrowiebezlekarza.pl\\\/sklep\\\/#\\\/schema\\\/logo\\\/image\\\/\"}}]}<\/script>\n<!-- \/ Yoast SEO plugin. -->","yoast_head_json":{"title":"Dieta po wyci\u0119ciu woreczka \u017c\u00f3\u0142ciowego 14 dni - Gabinet Dietetyczny MARCHEWKA","robots":{"index":"index","follow":"follow","max-snippet":"max-snippet:-1","max-image-preview":"max-image-preview:large","max-video-preview":"max-video-preview:-1"},"canonical":"https:\/\/zdrowiebezlekarza.pl\/sklep\/produkt\/dieta-po-wycieciu-woreczka-zolciowego-14-dni\/","og_locale":"pl_PL","og_type":"article","og_title":"Dieta po wyci\u0119ciu woreczka \u017c\u00f3\u0142ciowego 14 dni - Gabinet Dietetyczny MARCHEWKA","og_description":"5 posi\u0142k\u00f3w 2000 kcal","og_url":"https:\/\/zdrowiebezlekarza.pl\/sklep\/produkt\/dieta-po-wycieciu-woreczka-zolciowego-14-dni\/","og_site_name":"Gabinet Dietetyczny MARCHEWKA","article_modified_time":"2025-12-10T10:17:58+00:00","og_image":[{"width":1080,"height":1080,"url":"https:\/\/zdrowiebezlekarza.pl\/sklep\/wp-content\/uploads\/2022\/07\/Dieta-po-wycieciu-woreczka-zolciowego-14-dni.png","type":"image\/png"}],"twitter_card":"summary_large_image","twitter_misc":{"Szacowany czas czytania":"2 minuty"},"schema":{"@context":"https:\/\/schema.org","@graph":[{"@type":"WebPage","@id":"https:\/\/zdrowiebezlekarza.pl\/sklep\/produkt\/dieta-po-wycieciu-woreczka-zolciowego-14-dni\/","url":"https:\/\/zdrowiebezlekarza.pl\/sklep\/produkt\/dieta-po-wycieciu-woreczka-zolciowego-14-dni\/","name":"Dieta po wyci\u0119ciu woreczka \u017c\u00f3\u0142ciowego 14 dni - Gabinet Dietetyczny MARCHEWKA","isPartOf":{"@id":"https:\/\/zdrowiebezlekarza.pl\/sklep\/#website"},"primaryImageOfPage":{"@id":"https:\/\/zdrowiebezlekarza.pl\/sklep\/produkt\/dieta-po-wycieciu-woreczka-zolciowego-14-dni\/#primaryimage"},"image":{"@id":"https:\/\/zdrowiebezlekarza.pl\/sklep\/produkt\/dieta-po-wycieciu-woreczka-zolciowego-14-dni\/#primaryimage"},"thumbnailUrl":"https:\/\/i0.wp.com\/zdrowiebezlekarza.pl\/sklep\/wp-content\/uploads\/2022\/07\/Dieta-po-wycieciu-woreczka-zolciowego-14-dni.png?fit=1080%2C1080&ssl=1","datePublished":"2022-07-06T08:03:14+00:00","dateModified":"2025-12-10T10:17:58+00:00","breadcrumb":{"@id":"https:\/\/zdrowiebezlekarza.pl\/sklep\/produkt\/dieta-po-wycieciu-woreczka-zolciowego-14-dni\/#breadcrumb"},"inLanguage":"pl-PL","potentialAction":[{"@type":"ReadAction","target":["https:\/\/zdrowiebezlekarza.pl\/sklep\/produkt\/dieta-po-wycieciu-woreczka-zolciowego-14-dni\/"]}]},{"@type":"ImageObject","inLanguage":"pl-PL","@id":"https:\/\/zdrowiebezlekarza.pl\/sklep\/produkt\/dieta-po-wycieciu-woreczka-zolciowego-14-dni\/#primaryimage","url":"https:\/\/i0.wp.com\/zdrowiebezlekarza.pl\/sklep\/wp-content\/uploads\/2022\/07\/Dieta-po-wycieciu-woreczka-zolciowego-14-dni.png?fit=1080%2C1080&ssl=1","contentUrl":"https:\/\/i0.wp.com\/zdrowiebezlekarza.pl\/sklep\/wp-content\/uploads\/2022\/07\/Dieta-po-wycieciu-woreczka-zolciowego-14-dni.png?fit=1080%2C1080&ssl=1","width":1080,"height":1080,"caption":"Dieta po wyci\u0119ciu woreczka \u017c\u00f3\u0142ciowego 14 dni"},{"@type":"BreadcrumbList","@id":"https:\/\/zdrowiebezlekarza.pl\/sklep\/produkt\/dieta-po-wycieciu-woreczka-zolciowego-14-dni\/#breadcrumb","itemListElement":[{"@type":"ListItem","position":1,"name":"Strona g\u0142\u00f3wna","item":"https:\/\/zdrowiebezlekarza.pl\/sklep\/"},{"@type":"ListItem","position":2,"name":"Sklep","item":"https:\/\/zdrowiebezlekarza.pl\/sklep\/sklep\/"},{"@type":"ListItem","position":3,"name":"Dieta po wyci\u0119ciu woreczka \u017c\u00f3\u0142ciowego 14 dni"}]},{"@type":"WebSite","@id":"https:\/\/zdrowiebezlekarza.pl\/sklep\/#website","url":"https:\/\/zdrowiebezlekarza.pl\/sklep\/","name":"Gabinet Dietetyczny MARCHEWKA","description":"","publisher":{"@id":"https:\/\/zdrowiebezlekarza.pl\/sklep\/#organization"},"potentialAction":[{"@type":"SearchAction","target":{"@type":"EntryPoint","urlTemplate":"https:\/\/zdrowiebezlekarza.pl\/sklep\/?s={search_term_string}"},"query-input":{"@type":"PropertyValueSpecification","valueRequired":true,"valueName":"search_term_string"}}],"inLanguage":"pl-PL"},{"@type":"Organization","@id":"https:\/\/zdrowiebezlekarza.pl\/sklep\/#organization","name":"Gabinet Dietetyczny MARCHEWKA","url":"https:\/\/zdrowiebezlekarza.pl\/sklep\/","logo":{"@type":"ImageObject","inLanguage":"pl-PL","@id":"https:\/\/zdrowiebezlekarza.pl\/sklep\/#\/schema\/logo\/image\/","url":"https:\/\/i0.wp.com\/zdrowiebezlekarza.pl\/sklep\/wp-content\/uploads\/2024\/12\/cropped-sklep-dietetyczny-marchewka.webp?fit=240%2C324&ssl=1","contentUrl":"https:\/\/i0.wp.com\/zdrowiebezlekarza.pl\/sklep\/wp-content\/uploads\/2024\/12\/cropped-sklep-dietetyczny-marchewka.webp?fit=240%2C324&ssl=1","width":240,"height":324,"caption":"Gabinet Dietetyczny MARCHEWKA"},"image":{"@id":"https:\/\/zdrowiebezlekarza.pl\/sklep\/#\/schema\/logo\/image\/"}}]}},"jetpack_sharing_enabled":true,"_links":{"self":[{"href":"https:\/\/zdrowiebezlekarza.pl\/sklep\/wp-json\/wp\/v2\/product\/511","targetHints":{"allow":["GET"]}}],"collection":[{"href":"https:\/\/zdrowiebezlekarza.pl\/sklep\/wp-json\/wp\/v2\/product"}],"about":[{"href":"https:\/\/zdrowiebezlekarza.pl\/sklep\/wp-json\/wp\/v2\/types\/product"}],"replies":[{"embeddable":true,"href":"https:\/\/zdrowiebezlekarza.pl\/sklep\/wp-json\/wp\/v2\/comments?post=511"}],"wp:featuredmedia":[{"embeddable":true,"href":"https:\/\/zdrowiebezlekarza.pl\/sklep\/wp-json\/wp\/v2\/media\/611"}],"wp:attachment":[{"href":"https:\/\/zdrowiebezlekarza.pl\/sklep\/wp-json\/wp\/v2\/media?parent=511"}],"wp:term":[{"taxonomy":"product_brand","embeddable":true,"href":"https:\/\/zdrowiebezlekarza.pl\/sklep\/wp-json\/wp\/v2\/product_brand?post=511"},{"taxonomy":"product_cat","embeddable":true,"href":"https:\/\/zdrowiebezlekarza.pl\/sklep\/wp-json\/wp\/v2\/product_cat?post=511"},{"taxonomy":"product_tag","embeddable":true,"href":"https:\/\/zdrowiebezlekarza.pl\/sklep\/wp-json\/wp\/v2\/product_tag?post=511"}],"curies":[{"name":"wp","href":"https:\/\/api.w.org\/{rel}","templated":true}]}}